te a(-143).
-6295
Let m(o) = -17199*o + 17405382. Determine m(1012).
-6
Let u(l) = -29229*l + 3. Give u(0).
3
Let r(q) = q**2 + 395*q - 2492. Determine r(6).
-86
Let m(d) = 367*d - 3747. Give m(20).
3593
Let v(g) = 7456*g + 596817. Give v(-80).
337
Let t(f) = -f**2 + 7*f + 2032. Give t(42).
562
Let g(m) = -4*m**2 + 5437*m - 149089. What is g(28)?
11
Let w(s) = -4*s**3 + 31*s**2 - 254*s + 1242. Give w(6).
-30
Let b(j) = 1342*j - 3460. Calculate b(3).
566
Let k(t) = t**2 + 137*t + 1617. What is k(-119)?
-525
Let x(h) = 337*h - 978. What is x(4)?
370
Let l(u) = -647*u + 23804. Give l(37).
-135
Let w(h) = h**3 - 96*h**2 + 2235*h + 167. Determine w(56).
-113
Let b(n) = -n**3 + 28*n**2 - 2907*n + 77518. Give b(27).
-242
Let b(t) = 39*t**2 - 8565*t + 62959. Give b(212).
-5
Let k(z) = 10*z**2 - 17133*z + 377097. Determine k(1691).
4
Let m(s) = -19*s**2 + 2544*s + 5434. Calculate m(136).
-6
Let k(r) = r**3 - 13*r**2 - 1401*r + 19589. Calculate k(14).
171
Let z(f) = 7*f**3 - 5*f**2 - 43*f - 22. What is z(-2)?
-12
Let d(c) = 89*c**2 + 148*c - 426. Determine d(3).
819
Let a(x) = x**3 - 95*x**2 + 2013*x - 14. Calculate a(30).
1876
Let f(m) = -m**2 - 716*m - 43526. Determine f(-67).
-43
Let m(b) = -4541*b + 113521. What is m(25)?
-4
Let b(h) = -40*h**2 - 2956*h + 331. Calculate b(-74).
35
Let q(n) = 3068*n**2 + 255*n. Give q(1).
3323
Let y(o) = 49*o**3 + 2*o**2 - 120*o - 123. What is y(-1)?
-50
Let r(h) = 9369*h - 2379642. Give r(254).
84
Let i(c) = 3202*c + 387420. What is i(-121)?
-22
Let r(j) = j**3 + 19*j**2 - 20*j + 46. Determine r(-20).
46
Let n(c) = 170*c**2 - 5441*c + 43. Give n(32).
11
Let y(t) = -3*t**2 + 8*t + 1953. Calculate y(0).
1953
Let b(r) = -55*r**3 + 138*r**2 - 19*r. Give b(3).
-300
Let u(k) = 4*k**3 + 1270*k**2 - 4529*k - 11227. Give u(-321).
8
Let t(q) = 25461*q - 661991. Determine t(26).
-5
Let j(n) = -4895*n - 24485. What is j(-5)?
-10
Let l(p) = 16*p**3 + 360*p**2 + 937*p + 7. Determine l(-3).
4
Let o(y) = -y**2 - 2745*y - 657138. Determine o(-265).
62
Let j(c) = c**3 + 424*c**2 + 44592*c + 1742. What is j(-193)?
5
Let q(t) = 4*t**3 - 930*t**2 - 1405*t + 310. Calculate q(234).
76
Let z(y) = -11*y**3 + 4386*y**2 + 1213*y - 6386. Determine z(399).
-2
Let w(r) = 723*r + 15500. Calculate w(-22).
-406
Let z(m) = -m**3 - 4*m**2 - 7*m - 15. Calculate z(-9).
453
Let g(u) = -u**3 - 57*u**2 + 61*u + 325. Give g(-58).
151
Let t(c) = 21993*c - 285957. Determine t(13).
-48
Let j(x) = x**3 - 82*x**2 - 74*x + 1540. Determine j(83).
2287
Let x(m) = -80124*m + 320688. Give x(4).
192
Let f(m) = -382*m - 238. Give f(1).
-620
Let u(t) = t**3 - 4*t**2 - 1123*t + 7854. Determine u(7).
140
Let j(c) = 154*c - 32695. Calculate j(212).
-47
Let l(g) = -14*g**3 - 245*g**2 + 462*g + 60. Calculate l(2).
-108
Let u(f) = -129*f + 5372. Give u(48).
-820
Let h(c) = 24*c**3 + 191*c**2 - 203*c + 11. Give h(1).
23
Let v(c) = -3212*c - 57856. What is v(-18)?
-40
Let h(v) = 5*v**3 + 639*v**2 + 500*v - 353. Give h(-127).
663
Let d(o) = -64489*o**2 + 902848*o - 31. Give d(14).
-3
Let q(j) = 1719*j - 51596. Calculate q(30).
-26
Let d(f) = -f**3 - 10*f**2 - 14601*f - 87468. Give d(-6).
-6
Let r(b) = 1398*b - 227799. Determine r(163).
75
Let x(h) = h**2 - 128*h - 969. What is x(137)?
264
Let u(b) = 31*b**2 - 65*b - 20840. Determine u(27).
4
Let j(m) = 317*m + 11148. Calculate j(-37).
-581
Let d(y) = y**3 + 38*y**2 + 273*y + 1890. Give d(-34).
-2768
Let n(q) = 4969*q + 33235. Give n(-7).
-1548
Let i(c) = -9*c**2 - 382*c + 2477. Determine i(6).
-139
Let l(w) = 3*w**2 - 4919*w + 1190037. Determine l(295).
7
Let j(l) = 18*l**3 + 190*l**2 - 14*l + 17. Calculate j(-11).
-797
Let k(l) = -905*l**2 - 105882*l + 359. Calculate k(-117).
8
Let p(t) = 91*t + 4779. Calculate p(-15).
3414
Let t(k) = 3*k**2 - 437*k - 212331. What is t(-203)?
7
Let d(k) = k**3 - 6*k**2 - 21368*k + 85487. Calculate d(4).
-17
Let m(o) = 2*o**3 - 314*o**2 + 11936*o + 17098. Give m(70).
18
Let x(s) = 8712*s + 78483. Determine x(-9).
75
Let j(s) = -s**2 + 948*s + 109447. Determine j(-104).
39
Let d(v) = -6587*v + 6203. Determine d(1).
-384
Let r(o) = 1926*o - 197964. What is r(103)?
414
Let a(u) = -23*u**2 + 204*u + 1159. Give a(-4).
-25
Let s(d) = -309*d + 40758. Calculate s(132).
-30
Let k(y) = 9665*y - 4184930. What is k(433)?
15
Let y(q) = -133*q**3 + 16*q**2 + 18*q - 279. What is y(4)?
-8463
Let f(q) = -10*q**2 - 4926*q + 59287. Give f(12).
-1265
Let t(k) = k**2 + 153149*k + 2909458. What is t(-19)?
-12
Let y(g) = -3401*g - 809524. What is y(-238)?
-86
Let j(b) = -b**3 + 304*b**2 - 3504*b + 132. Calculate j(292).
132
Let w(m) = 6*m**3 + 27*m**2 - 55*m - 11. Give w(-6).
-5
Let l(z) = -24336*z - 365083. What is l(-15)?
-43
Let a(p) = -11*p**2 - 877*p - 1102. Determine a(-81).
-2236
Let r(a) = 619*a - 79787. Calculate r(129).
64
Let k(o) = -2*o**3 - 1622*o**2 - 1345*o + 222744. Determine k(-810).
-6
Let f(p) = -12*p**2 - 819*p + 1642. What is f(2)?
-44
Let j(y) = -9287*y + 64962. What is j(7)?
-47
Let l(x) = -x**3 + 216*x**2 + 14249*x + 2201. Determine l(269).
49
Let a(y) = 89*y + 2240. Calculate a(-21).
371
Let y(x) = 4*x**3 - 38*x**2 - 13*x + 10. Calculate y(6).
-572
Let q(s) = -6*s**2 - 2724*s + 1395357. Determine q(-760).
-3
Let x(j) = 13303*j**2 + 1716083*j - 511. Calculate x(-129).
5
Let q(s) = -35*s**2 - 3358*s - 12895. What is q(-4)?
-23
Let n(z) = -z**2 - 1768*z - 22816. Give n(-13).
-1
Let b(o) = 40347*o - 403468. Give b(10).
2
Let n(j) = -20*j**3 + 300*j**2 + 63*j - 980. Calculate n(15).
-35
Let x(k) = k**2 - 230*k - 235730. What is x(-384)?
46
Let h(w) = -10494*w + 20798. Calculate h(2).
-190
Let n(m) = -5*m**3 - 161*m**2 + 320*m - 1. Give n(2).
-45
Let n(z) = -z**3 - 29*z**2 + 1341*z - 9582. Give n(-56).
-6
Let i(b) = b**3 - 112*b**2 + 341*b - 50. What is i(3)?
-8
Let x(r) = -12*r**3 + 117*r**2 - 86*r + 42. Determine x(9).
-3
Let h(v) = -4*v**3 - 1164*v**2 + 4*v + 773. Give h(-291).
-391
Let u(x) = -x**3 - 13*x**2 + 1726*x + 22437. What is u(-13)?
-1
Let w(y) = 4559*y - 424103. Give w(93).
-116
Let f(m) = 366*m**2 + 41355*m - 30. Give f(-113).
309
Let c(q) = -4*q**3 + 68*q**2 - 296*q + 91. Give c(10).
-69
Let f(u) = 4*u**2 + 1362*u + 17972. Calculate f(-13).
942
Let m(f) = -18*f + 6354. Calculate m(140).
3834
Let m(w) = 4*w**3 - 744*w**2 + 187*w - 34774. What is m(186)?
8
Let g(w) = -5*w**3 - 6*w**2 + 137*w + 1139. Calculate g(-8).
2219
Let o(i) = i**3 - 249*i**2 + 2403*i - 3098. What is o(239)?
9
Let z(d) = -54*d**2 - 589*d - 13. Give z(-7).
1464
Let u(v) = -2*v**2 - 19600*v - 195807. Give u(-10).
-7
Let w(m) = -1114894*m - 14493617. Determine w(-13).
5
Let c(o) = -o**3 - 177*o**2 - 410*o + 19489. Determine c(-174).
1
Let f(x) = -2*x**3 + 22*x**2 - 8*x + 576. Determine f(0).
576
Let l(v) = 4*v**2 - 739*v + 19547. What is l(32)?
-5
Let l(g) = -266*g - 16008. Calculate l(-60).
-48
Let q(y) = -194*y**2 + y + 6. Calculate q(1).
-187
Let r(j) = 238691*j + 238697. Give r(-1).
6
Let f(h) = -h**2 + 7058*h + 11. Calculate f(0).
11
Let g(r) = r**2 - 17*r + 121. Calculate g(-34).
1855
Let l(a) = -a**2 + 1101*a - 36507. Give l(34).
-229
Let t(d) = 9*d**3 + 51*d**2 + 141*d + 2. What is t(-3)?
-205
Let x(v) = -2*v**3 + 860*v**2 + 23714*v - 144. Give x(456).
768
Let r(h) = 5511*h - 297563. What is r(54)?
31
Let m(n) = 2*n**2 - 75*n + 142. Calculate m(22).
-540
Let o(c) = 44*c**2 + 91*c - 94. Calculate o(-6).
944
Let f(m) = 18*m**3 + 296*m**2 + 114*m - 247. Determine f(-16).
-23
Let w(o) = 371*o**3 - 12241*o**2 - 32*o - 1123. Determine w(33).
-1
Let b(g) = -g**3 + 214*g**2 + 1544*g + 869. Determine b(221).
206
Let z(y) = 2*y**3 - 196*y**2 - 1718*y + 880. Calculate z(106).
-1452
Let y(q) = q**3 - 40*q**2 + 298*q - 1336. Calculate y(32).
8
Let o(x) = 6927*x - 983646. Determine o(142).
-12
Let q(v) = v**2 - 119*v + 1703. What is q(105)?
233
Let j(g) = -1129*g + 28420. What is j(25)?
195
Let o(y) = -14*y**2 + 2313*y - 37365. Calculate o(16).
-3941
Let o(t) = 2*t**2 + 81*t + 678. Determine o(-26).
-76
Let m(q) = q**2 - 8793*q - 176239. What is m(-20)?
21
Let m(u) = u**2 - 3125*u + 62089. What is m(20)?
-11
Let c(h) = -h**3 - 46*h**2 - 520*h + 120. Give c(-23).
-87
Let s(h) = h**2 + 17*h - 658. Calculate s(0).
-658
Let m(b) = b**2 + 6147*b + 134440. Give m(-22).
-310
Let j(t) = t**2 + 1405*t - 27066. Give j(19).
-10